 - 5. Let b be l(7). Let m(x) = x**2 + 5*x + 2. Let a be m(b). Suppose -2 = a*w - 34. What is the tens digit of w?
1
Suppose -4*h - 3*u = -0*u - 30, 4*h - 5*u = 46. Suppose b - 121 + h = 0. What is the tens digit of b?
1
Let t(j) = -252*j - 12. What is the units digit of t(-7)?
2
Let s be (2/(-6))/((-2)/12). Suppose -h - 21 = -3*c + 2*h, -c - s = 2*h. Suppose -8*f + c*f + 156 = -n, -5*n - 140 = -4*f. What is the units digit of f?
0
Suppose 5*b - 2*a - 3004 = 0, 0 = 26*b - 27*b - a + 605. What is the hundreds digit of b?
6
Let n(g) = 4*g**3 - 38*g**2 + 24*g + 9. What is the units digit of n(11)?
9
Let x(a) = -8*a + 48. Let c be x(6). Suppose -55 = -5*w - c*w. What is the units digit of w?
1
Suppose 27*u - 658 = 422. What is the tens digit of u?
4
Let a(y) = -589*y + 193. What is the units digit of a(-6)?
7
Suppose -203101 = 4*w - 87*w. What is the thousands digit of w?
2
Suppose 4*t + 818 = 5*t. What is the hundreds digit of t/6 + (-18)/(-27)?
1
Let y(q) = -q**2 + 13*q - 6. Let d be y(13). Let g = 4 + d. What is the units digit of 20/2*g/(-5)?
4
Let o = -9 - -11. Suppose 0 = 3*g + o*g - 2*w - 18, -4*g = 3*w - 19. Suppose -42 = -g*i + 42. What is the units digit of i?
1
What is the tens digit of 3*16/(-6)*2040/(-32)?
1
Suppose 0 = 5*p - 2*i - 4970 - 2511, 3005 = 2*p - 5*i. What is the units digit of p?
5
Suppose 20 = -13*h + 8*h. Let y(g) = -12*g. What is the tens digit of y(h)?
4
Suppose 6*p + 3*i - 12126 = 2*p, -6066 = -2*p - 3*i. What is the hundreds digit of p?
0
What is the tens digit of 24/(-36) + 63976/24?
6
Suppose 0 = -4*h + 6*h - 6. Suppose b - h*g - 103 = 0, -2*b + 183 + 33 = -g. What is the tens digit of b?
0
Let l(g) = g**3 + 15*g**2 + g + 17. Let y be l(-15). Suppose -y*a - 4*r + 304 = 0, 3*r + 0 = 6. What is the tens digit of a?
4
Let q(j) = -98*j + 246. What is the thousands digit of q(-8)?
1
Suppose -431 = -6*d + 649. Suppose 0 = -4*t, 2*h + h - d = 4*t. What is the tens digit of h?
6
Let h = -121 + -1. Let y = h - -155. What is the units digit of y?
3
Let w(j) = -16*j + 394. What is the tens digit of w(-4)?
5
Let z be 6/3*12/8. Suppose 0 = 3*k - 3*q - 13 - 2, z*k + 4*q = 1. What is the units digit of (6/2)/k - -1?
2
Suppose -3*j = p - 62, -4*p = -5*j - p + 94. Let k be ((-3)/6)/((-2)/j). Suppose -1 + k = m. What is the units digit of m?
4
Let y be (-2 - 0)*(-2)/(-4). Let x(c) = -31*c + 1. Let o be x(y). Suppose -4*k + 20 + o = 0. What is the tens digit of k?
1
Let o(w) = w + 21. Let i be o(-18). Suppose -350 = -8*f + i*f. What is the units digit of f?
0
Suppose -20*n - 7304 = -28*n. What is the tens digit of n?
1
Suppose -5*y + 1 = b + 6, -b = 2*y - 1. Suppose b*z - 4*x - x - 565 = 0, 5*z = -2*x + 600. What is the hundreds digit of z?
1
Suppose 0 = -3*i - 5*x + 1062, 0 = i - 0*i + 3*x - 358. Suppose -i = -4*b - 105. What is the tens digit of b?
6
Suppose 0 = -12*s + 37110 + 12978. What is the thousands digit of s?
4
Let n(h) = -h**2 + 7*h - 7. Let t be n(5). Suppose 5*y = 4*b + 6 - 36, -5*b + 21 = 2*y. Suppose t*j = b*j - 6. What is the units digit of j?
3
Let z = 16 + -9. Let g be (-2)/z + (-410)/(-14). Let n = g - 19. What is the tens digit of n?
1
Let x be (-2 + -8)*22/4. What is the units digit of (2 - x)*(-2 + -3 + 7)?
4
Let i(n) = n**3 + 21*n**2 + 31*n - 43. What is the tens digit of i(-14)?
9
Suppose -39*i + 7168 + 3323 = 0. What is the units digit of i?
9
Let l = -79 - 34. Let u = l + 171. What is the tens digit of u?
5
Let w(d) = d**2 + 4. Let f be w(2). What is the units digit of (f/24)/((-2)/(-60))?
0
Let x = -3938 - -9818. What is the units digit of x?
0
Let p = 22 - 48. Let b = 15 + p. Let k = b + 26. What is the units digit of k?
5
Let u = 40 + -34. What is the units digit of ((-8)/u)/((-40)/1500)?
0
Let s = -10 + 12. Suppose -5*k - 164 = -4*j, -2*k = s*j - 0*k - 82. Let u = 81 - j. What is the units digit of u?
0
Let u(v) = 3*v - 43*v**2 - 6*v + 44*v**2 - 2*v - 13. Suppose -4*l = -l - 30. What is the tens digit of u(l)?
3
Let j(i) = i + 11. Let u be j(-6). Suppose 77 = 4*z - u*o, z + 2*z - 5*o = 64. What is the units digit of z?
3
Let g(b) be the first derivative of 2*b**3/3 - 8*b**2 - 2*b + 26. What is the tens digit of g(11)?
6
Let q(v) = -11*v. Let a be q(-3). Let k = 19 + a. What is the tens digit of k?
5
Suppose 36*r - 34*r = 2408. What is the tens digit of r?
0
Let h = 157 + -138. What is the units digit of 26/(0 + 1) - (-22 + h)?
9
Suppose -s = 155 - 510. Let g = s + -208. What is the tens digit of g?
4
Let k(z) = 3*z**2 + 23*z - 14. What is the hundreds digit of k(16)?
1
Let y(s) = -s**3 - 13*s**2 - 16*s + 15. What is the hundreds digit of y(-13)?
2
Let g(q) = -q**2 + 5*q + 3. Let t be g(8). What is the tens digit of (-1728)/t + (-1)/(7/2)?
8
Suppose -1 + 10 = -3*a. What is the units digit of (190/(-4))/(a/6)?
5
Suppose x - 1377 = -x - 5*d, x - d = 692. What is the hundreds digit of x?
6
Let s = 5608 - 3076. What is the thousands digit of s?
2
What is the hundreds digit of (12/6 - 3)*-128?
1
Suppose 5*p = -2*i + 5 + 17, 9 = 3*p - 3*i. Suppose p*a = 2 - 10. Let x(m) = m**3 + 3*m**2 + 2*m + 2. What is the units digit of x(a)?
2
Let x = 44 - -39. Suppose -2*d - x + 257 = 0. What is the tens digit of d?
8
Let q(l) = l**2 - 6*l - 2. What is the units digit of q(11)?
3
Let g = 2335 - 1470. What is the units digit of g?
5
Let a = -9 - -14. Let p(u) = 4*u**3 + 6*u**2 - 3 + 0*u**3 - 5*u**3 - 3*u + 6. What is the units digit of p(a)?
3
Let a = 394 + -713. Let g = -38 - a. What is the units digit of g?
1
Let t(j) be the first derivative of 17*j**6/60 + j**5/30 - j**4/24 - 9*j**2/2 - 9. Let v(k) be the second derivative of t(k). What is the units digit of v(1)?
5
Let f = -9 + -8. Let m = f + 22. Suppose -4*i + 134 = m*a, 2*i + 4*a - 136 = -2*i. What is the units digit of i?
6
Let h be (-6 - 24/(-18))*12/(-14). What is the hundreds digit of (h + -1*(-59 - 0))*3?
1
Let m be 1 - (-8)/(-2) - -6. Suppose 4*s - 3*u - 13 = 0, 4*s + 3*u - 22 = -m. Suppose 12 = 4*n + 4*a, -n + s*a = 3*n - 12. What is the units digit of n?
3
Suppose -5*y + 4*p + 27 = p, 0 = 4*y - 2*p - 20. Suppose -y*r + s + 957 = 349, 3*r - 4*s - 605 = 0. What is the hundreds digit of r?
2
Let f = 1149 + -243. What is the hundreds digit of f?
9
Let p(t) be the first derivative of 6 + 12*t + 1/3*t**3 + 11/2*t**2. What is the units digit of p(-10)?
2
Let p be (-3 - -3)/4 - -2. Let u(m) = -1 + 2 + 3 - 2*m**2 - 2*m - p + m**3. What is the units digit of u(3)?
5
Suppose -146*b + 34216 = -139*b. What is the thousands digit of b?
4
Let t(p) = 16*p**2 - 3*p - 4. Let i be t(5). Suppose -73 + i = 4*m. What is the tens digit of m?
7
Suppose 11*o + 120 = 15*o. Let a = o + -1. What is the units digit of a?
9
Let z = 2354 + -1602. What is the units digit of z?
2
Let j = -18 - -19. Let m(i) = 27*i. What is the units digit of m(j)?
7
Let h = 16 - 11. Let i be (-2)/h - (-146)/(-10). What is the units digit of 1*-35*12/i?
8
Let u be -154*1/(-4) - (-1)/2. Let t = u - -51. What is the tens digit of t?
9
Let z = 162 + -114. Suppose 5*u - 4*u - z = -5*i, 4*i + 144 = 4*u. What is the units digit of u?
8
What is the hundreds digit of ((-252)/60)/(-7) - 20047/(-5)?
0
Let m = 592 - -14. What is the tens digit of m?
0
Suppose 0 = -0*g + 3*g + 72. Let i be g*4/(-20)*-5. Let o = 11 - i. What is the units digit of o?
5
Suppose 4*t = -3*n + 20279, 4036 = 4*t + 4*n - 16244. What is the tens digit of t?
6
Let w = 15 + 2. Let s(i) be the third derivative of i**4/8 - 2*i**3 - 6*i**2. What is the tens digit of s(w)?
3
Let o be (-6)/21 + (-111)/(-21). Suppose 3*r = 5*q + 18, -o*q + 3*r - 16 = 2*r. What is the tens digit of (-2)/(-4 - q) - -15?
1
What is the units digit of (6/(-10) + (-48)/(-30))*66?
6
Suppose 9*f = 3531 - 408. What is the hundreds digit of f?
3
What is the units digit of (-660)/176*-2*226/1?
5
Let q = 3987 - 755. What is the tens digit of q?
3
Let y be 1/(-2)*(-9)/((-9)/26). What is the tens digit of 1*y*(32 + -50)?
3
Suppose 3*o - 6*d = -5*d + 376, 0 = o + 4*d - 121. What is the units digit of o?
5
Suppose 1293 = 4*x + 5*f, -x + 48 = -3*f - 254. What is the hundreds digit of x?
3
Let m(v) = v**2 + 5*v - 5. Let h be m(-6). Suppose 5*a = 2*n + 13, 2*n + 0*a + h = a. Let c = n + 5. What is the units digit of c?
6
Let s(h) = 140*h**2 - 2*h + 41 + 40 - 79. What is the tens digi